 + 7*r - 6. Let u be c(-6). Let o = u - 9. Let b = -12 - o. Is b a prime number?
False
Suppose -4*z = 16, -5*l - 5*z = -287 - 793. Suppose -l = -3*w + 227. Is w a composite number?
False
Suppose -3*h - p - 1 = 0, 2*p = -5*h - 3 + 2. Let f be (h - -3)*4/4. Suppose -f*c = 3*c - 425. Is c a prime number?
False
Suppose 2*y - 146 - 12 = 0. Is y a composite number?
False
Let b = 45 + -22. Let p = b + 109. Is p - (1 - (0 + 0)) a prime number?
True
Let z = -379 - -822. Is z prime?
True
Let z(w) = -3 + 2*w**2 - 2*w + w - 2 + 6. Let q be (-6)/(2 - 1/2). Is z(q) a prime number?
True
Let k(p) = 4*p**3 + 3*p - 3. Is k(2) composite?
True
Let m = -5 - 9. Let z be (-36)/(-14)*m/(-2). Let t = -12 + z. Is t prime?
False
Suppose 5*a = 3*x + 1245, 0*x - 5 = -x. Suppose 106 = 5*m + 2*p - a, 2*m = p + 145. Suppose -321 = -3*s + m. Is s composite?
False
Let w = -15 - -19. Is w composite?
True
Let z(o) = o**2 - 7*o - 7. Let h be z(7). Let q = h - -6. Is 21 - (q + (0 - -1)) a composite number?
True
Let w(t) = 2*t**2 - 4*t - 7. Suppose -8*j + 3*j = -90. Let p = -13 + j. Is w(p) prime?
True
Let f be (-12)/10*(-40)/12. Let c(j) = -f*j - 2*j - 4*j + 8 + 3*j**2 + 3*j. Is c(6) a prime number?
False
Let m be (-1 - -4) + (-3 - -1). Let f = -1 + 3. Is 53/(f + (0 - m)) composite?
False
Suppose 3*t = -197 + 1292. Let h = t - 216. Is h a prime number?
True
Suppose -5*i = 4*o + 535, 0*i - 2*i - 2*o - 216 = 0. Let w = -44 - i. Is w a composite number?
False
Suppose 0 = 2*q + q + 12. Let b = 7 + q. Suppose -14 = b*f - 71. Is f a composite number?
False
Suppose 4*i - 2*i = -5*p + 31, -4*p + 50 = 3*i. Let g be (-4)/i + (-152)/(-36). Suppose -g = -5*r + 71. Is r a prime number?
False
Suppose 5*q = 2*q - 21. Let s(g) = 2*g**3 + 21*g**2 - g - 14. Let m(h) = h**3 + 11*h**2 - 7. Let l(v) = -7*m(v) + 4*s(v). Is l(q) prime?
False
Let a(h) = -13*h**2 + 8*h - 7. Let v be a(5). Is (v/(-3))/((-2)/(-3)) a composite number?
True
Let j(g) = g**2 + g + 53. Let z(w) = w**2 - 6*w - 1. Let i be z(8). Suppose -5*k = -v + i, -k = -2*v + 2*k + 9. Is j(v) a composite number?
False
Let w = 2020 - 1079. Is w a composite number?
False
Let m = 202 - -15. Is m a prime number?
False
Let i be (123 - 0)/((-2)/(-2)). Suppose -i - 992 = -5*f. Is f prime?
True
Let p = 6 - 4. Let g(z) = -4*z**3 + 0*z + 3*z**3 + 3 + 8*z**p + 2*z. Is g(8) composite?
False
Suppose -4*p + 1680 = p. Let x = p - 109. Suppose 3*a = x + 196. Is a a prime number?
False
Is 23/46 + 4665/2 a prime number?
True
Let m = 93 + -173. Let n = m + 157. Is n composite?
True
Let c be 6 - 3 - (0 - -1). Suppose 3*l + 28 = 2*r - 132, 0 = c*r + 2*l - 170. Is r composite?
False
Let d(y) be the first derivative of y**2/2 + 2*y + 2. Let k be d(-2). Is (-1 - k - -79) + -1 prime?
False
Let k(m) = -m**2 - 15*m + 11. Is k(-13) prime?
True
Let n(c) = -c - 3. Let l be n(-8). Let x(b) = 5*b - 4. Let o be x(l). Is o - (2 - 6)/2 a prime number?
True
Let v = 233 + -115. Is v composite?
True
Let d(o) be the third derivative of 5*o**5/12 - o**4/8 + o**3/2 + 2*o**2. Suppose 3 + 1 = -m. Is d(m) composite?
True
Let u(f) = -f**2 - 21*f - 1. Let q be u(-10). Let p = q + -166. Let t = p + 95. Is t prime?
False
Suppose -4*h = -347 + 115. Is h a composite number?
True
Let x(v) be the second derivative of -v**5/20 - 2*v**4/3 - 4*v**3/3 - 5*v**2 + 3*v. Let t be x(-8). Suppose 4*d - 2 - t = 0. Is d composite?
True
Suppose 6 = -2*m + 3*m. Suppose -m*p = -5*p - 57. Is p prime?
False
Suppose -3*g - 71 = -410. Is g a composite number?
False
Let h = 192 + -96. Is (-2)/(-6) - h/(-9) composite?
False
Let y = -16 + 15. Let x(i) = -156*i**3 - i**2 + i + 1. Is x(y) prime?
False
Let a(c) = -c + 8. Let l be a(8). Let q be (-62)/(-1) - 0/2. Suppose r - 3*r + q = l. Is r composite?
False
Suppose 0*a = -a - 6. Let h(p) = -7*p - 5. Is h(a) composite?
False
Suppose 0 = -4*o + 4*r + 28, -5*o + r + 27 - 4 = 0. Let l be (-3)/(-6) + (-2)/o. Suppose l = -4*d + 5 + 23. Is d composite?
False
Suppose 6*v = 1174 + 1064. Is v composite?
False
Let i be 4/14 - 32/14. Let s be ((-40)/60)/((-1)/(-6)). Is ((-158)/s)/(i/(-4)) prime?
True
Let v(b) = 10*b**2 - 1. Is v(3) composite?
False
Let a = -1629 + 2350. Is a a prime number?
False
Suppose 2*g + 0*g - 16 = 0. Suppose -4*s + 5*s - 4*m - 21 = 0, -4*s + 2*m + 28 = 0. Let q = g + s. Is q a composite number?
False
Suppose 3*r - 17 - 37 = 0. Is (-26)/(-3) + 6/r composite?
True
Suppose -2*c - 2*c = -680. Suppose 0*j + c = 5*j. Is j a prime number?
False
Let h = 0 + 256. Suppose -2*g + h = -42. Is g a prime number?
True
Let n = 658 + -373. Let d = n + -140. Is d prime?
False
Let t = 314 + -137. Let i = t - 102. Let g = -54 + i. Is g prime?
False
Let q(y) be the first derivative of 7*y**3/3 + 2*y**2 + 6*y - 3. Let d be q(-4). Let a = -43 + d. Is a a composite number?
False
Let r = -1 + 4. Suppose 0 = 2*a + r*a - 185. Is a a composite number?
False
Suppose 0*y + y - 3 = 0. Suppose 79 - 352 = y*q. Let r = q - -168. Is r prime?
False
Suppose -5*f + 4*o - 246 = -8*f, -2*o = 3*f - 246. Suppose m - 266 = -5*z + 66, -5*m - f = -z. Is z composite?
False
Let u(s) = -6*s + 25. Is u(-11) a prime number?
False
Suppose 42 = 5*l + 7. Let j(n) = n**3 - 8*n**2 + 7*n + 3. Let r be j(l). Suppose -r*z = -95 - 43. Is z composite?
True
Let w be 60/2*(-32)/(-20). Let v = -33 + w. Is v composite?
True
Let r(z) = 8*z**2 + 7*z + 7. Is r(-6) a prime number?
False
Let r = -1 - -1. Let a(n) = -n - 2*n**2 + 13 + n**2 - 10 + 18. Is a(r) a composite number?
True
Let g(r) = -83*r - 10. Is g(-7) composite?
False
Suppose 0 = 2*q - 6*q + 5132. Is q a prime number?
True
Suppose 5*d = 5*z - 65, 0 = z + 3*z - 5*d - 52. Suppose 2*s - 16 = -5*n + z, -5*s + 47 = 4*n. Is s prime?
True
Let d(k) = -k**2 + 10*k - 9. Let l be d(9). Let o(w) = -w - 2. Let v be o(l). Is (v/(-3))/(4/402) a composite number?
False
Suppose -2*o - 3 = -3*o. Suppose 3*g = -h + 709, -o*g + h - 1179 = -8*g. Is g a prime number?
False
Suppose -3*i + 7*k - 2*k = 0, 5 = 4*i - 5*k. Suppose 3*y = 2*y + i. Suppose c - 2*v = -0*c + 43, -5*v = y*c - 215. Is c a composite number?
False
Let f be 2 + (-56)/(-1) + 0. Suppose 3*h - 11 = f. Is h a composite number?
False
Suppose -q = -4*i - 1553, -i - 4617 = -3*q - 3*i. Is q prime?
False
Is (-842)/(-4) + (-2)/(-4) a composite number?
False
Suppose 3*y + 4*b + 61 = -13, 3*y + 78 = -3*b. Is 197/5 - (-12)/y prime?
False
Let t(h) = -h**2 + 5*h - 2. Let f be t(3). Suppose -x - f = -3. Is (-50 - (2 - -1))/x prime?
True
Suppose 4*p + n - 328 = 536, -5*p - 4*n + 1069 = 0. Is p prime?
False
Let z(f) be the third derivative of f**5/30 + 3*f**4/8 - 5*f**3/3 - 2*f**2. Let d be z(-7). Suppose -183 = -2*m - d. Is m a composite number?
False
Suppose -m + 4*c - 22 = -3*m, 11 = -3*m + 5*c. Suppose 0*n + m*n = 0, 2*i + n = -22. Let w = 26 + i. Is w composite?
True
Let d = 4 + -2. Let m(g) = 12*g - 2. Is m(d) a composite number?
True
Suppose -4*a = -2*a - 3*c - 131, 0 = -a + 3*c + 64. Is a a composite number?
False
Let t(x) = 9*x. Let b(z) = -z**3 + 5*z**2 - 4*z - 3. Let v be b(4). Let r be t(v). Let a = r + 172. Is a a composite number?
True
Let n(z) = z + 15. Let u be n(-12). Suppose -139 = -3*q + 188. Suppose -4*i + 470 = 5*o, -i + q = -0*o - u*o. Is i a prime number?
False
Suppose -8 = -2*x + 3*c, 4*x - 24 = -0*c + 2*c. Is x composite?
False
Let l be 18/30 + 24/10. Suppose -4*c - 248 = -7*c + x, 0 = -5*c - l*x + 418. Is c a prime number?
True
Let q be 6/(-15) - (-32)/5. Let u = q + -4. Suppose 58 = 5*a + 3*m, 5*a - u*a = 4*m + 58. Is a composite?
True
Let v(n) = 2*n**2 - 5*n - 11. Is v(12) composite?
True
Let n(b) = b**2 - 5*b. Let x be n(5). Suppose x*f - 37 = -f. Is f a prime number?
True
Let c = 2703 + -602. Suppose 5*u - d - 835 = 3*u, -5*u + c = 2*d. Is u a composite number?
False
Suppose 638 = 2*z - 4*g, g - 5*g + 343 = z. Is z a prime number?
False
Suppose 6 = y - o, -3*y + 30 = 2*y - 2*o. Let p(a) = -3 + y - 16*a + 0. Is p(-8) composite?
False
Is (-2)/(-4)*(6 - -56) composite?
False
Let t(z) = 4*z**2 + z + 21. Is t(16) a composite number?
False
Suppose -k = -2*h + 5*h - 5, 0 = 3*h + 5*k - 25. Suppose 2*m = -h*m + 290. Is m prime?
False
Let j = 115 + -186. Let v = 18 - 54. Let f = v - j. Is f a prime number?
False
Let m(j) = -2*j. Let a be m(-1). Suppose -2*q + 66 = 3*u, 3*u = -2*q - 2*u + 62. Suppose -q = -a*b